{"id":1244,"date":"2017-10-14T16:10:51","date_gmt":"2017-10-14T14:10:51","guid":{"rendered":"http:\/\/diebuchmacherei.de\/?post_type=product&#038;p=1244"},"modified":"2026-02-15T15:50:07","modified_gmt":"2026-02-15T14:50:07","slug":"die-wiener-julirevolte","status":"publish","type":"product","link":"https:\/\/diebuchmacherei.de\/de_de\/produkt\/die-wiener-julirevolte\/","title":{"rendered":"Die Wiener Julirevolte"},"content":{"rendered":"<p>Der Reichtstagsbrand in Berlin ist ein allseits bekanntes geschichtliches Ereignis. Es bildete den Auftakt f\u00fcr eine breite Verhaftungswelle der politschen Gegner des neu installierten NS-Regimes in Deutschland. Hier fast unbekannt ist der Brand des Justizpalastes in Wiene einige Jahre vorher. Auch dieses Ereignis steht in einem engen Kontext der Macht\u00fcbergabe an den Faschismus.\u00a0 Was hier passierte, und was es historisch bedeutete, beleuchtet die Publikation eines damaligen Augenzeugen, die wir erneut in einer Brosch\u00fcre ver\u00f6ffentlicht haben. Dazu gibt es erg\u00e4nzend\u00a0 Texte aus der Arbeiter-Zeitung, der Reichspost, der Autorin Ilona Duczynska und der Autoren Otto Basil, Johannes R. Becher, Walther Rode und Franz Schandl.<\/p>\n<p>Der Augenzeuge Rudolf Geist berichtet, pers\u00f6nlich mehr als betroffen, u\u0308ber die Geschehnisse des Justizpalastbrandes in Wien am 15. Juli 1927. Es gab 89 Tote und Hunderte Verletzte. Dieser Tag ist der Wendepunkt des Austromarxismus der \u00f6sterreichischen Sozialdemokratie. Er ist auch ein Schicksalstag und Wendepunkt in der Geschichte der Ersten Republik, in der der Austromarxismus eine entscheidende Rolle spielte. Am Ende dieser tragischen Entwicklung stand die Katastrophe vom 12. Februar 1934.<\/p>\n<p>Sie begann um 7.00 Uhr fru\u0308h mit den Schu\u0308ssen der Linzer Polizei auf das &#8220;Hotel Schiff&#8221;, die Zentrale der ober\u00f6sterreichischen Sozialdemokratischen Arbeiterpartei (SDAP). Daraus entwickelte sich ein vier Tage w\u00e4hrender blutiger Kampf: Heimwehr, Polizei und Milit\u00e4r des Dollfu\u00df-Regimes vereinigten ihr Gewaltpotenzial in der Bek\u00e4mpfung der \u00f6sterreichischen Sozialdemokratie und ihres Schutzbundes. Am Ende stand der Tod von mindestens 300, m\u00f6glicherweise sogar mehr als 1 000 Menschen. Das durch den inneren Kampf zerrissene \u00d6sterreich wurde so zur leichten Beute Hitlers.<\/p>\n<p>Am Beginn der Niederlage der \u00f6sterreichischen Sozialdemokraten stand der Justizpalastbrand in Wien. Originalartikel aus der \u201eArbeiter-Zeitung\u201c und der \u201eReichspost\u201c samt anderen Texten informieren u\u0308ber diesen so ungleichen Kampf der Arbeiterbewegung gegen die bu\u0308rgerliche Willku\u0308rjustiz!<\/p>\n","protected":false},"excerpt":{"rendered":"<p>Der Reichtstagsbrand in Berlin ist ein allseits bekanntes geschichtliches Ereignis. Es bildete den Auftakt f\u00fcr eine breite Verhaftungswelle der politschen Gegner des neu installierten NS-Regimes&hellip;<\/p>\n","protected":false},"featured_media":1242,"template":"","meta":{"_eb_attr":""},"product_brand":[],"product_cat":[8],"product_tag":[],"class_list":{"0":"post-1244","1":"product","2":"type-product","3":"status-publish","4":"has-post-thumbnail","6":"product_cat-kaempfe","8":"first","9":"instock","10":"taxable","11":"shipping-taxable","12":"purchasable","13":"product-type-simple","14":"customify-col"},"_links":{"self":[{"href":"https:\/\/diebuchmacherei.de\/de_de\/wp-json\/wp\/v2\/product\/1244","targetHints":{"allow":["GET"]}}],"collection":[{"href":"https:\/\/diebuchmacherei.de\/de_de\/wp-json\/wp\/v2\/product"}],"about":[{"href":"https:\/\/diebuchmacherei.de\/de_de\/wp-json\/wp\/v2\/types\/product"}],"wp:featuredmedia":[{"embeddable":true,"href":"https:\/\/diebuchmacherei.de\/de_de\/wp-json\/wp\/v2\/media\/1242"}],"wp:attachment":[{"href":"https:\/\/diebuchmacherei.de\/de_de\/wp-json\/wp\/v2\/media?parent=1244"}],"wp:term":[{"taxonomy":"product_brand","embeddable":true,"href":"https:\/\/diebuchmacherei.de\/de_de\/wp-json\/wp\/v2\/product_brand?post=1244"},{"taxonomy":"product_cat","embeddable":true,"href":"https:\/\/diebuchmacherei.de\/de_de\/wp-json\/wp\/v2\/product_cat?post=1244"},{"taxonomy":"product_tag","embeddable":true,"href":"https:\/\/diebuchmacherei.de\/de_de\/wp-json\/wp\/v2\/product_tag?post=1244"}],"curies":[{"name":"wp","href":"https:\/\/api.w.org\/{rel}","templated":true}]}}

<p>Der Reichtstagsbrand in Berlin ist ein allseits bekanntes geschichtliches Ereignis. Es bildete den Auftakt für eine breite Verhaftungswelle der politschen Gegner des neu installierten NS-Regimes in Deutschland. Hier fast unbekannt ist der Brand des Justizpalastes in Wiene einige Jahre vorher. Auch dieses Ereignis steht in einem engen Kontext der Machtübergabe an den Faschismus.  Was hier passierte, und was es historisch bedeutete, beleuchtet die Publikation eines damaligen Augenzeugen, die wir erneut in einer Broschüre veröffentlicht haben. Dazu gibt es ergänzend  Texte aus der Arbeiter-Zeitung, der Reichspost, der Autorin Ilona Duczynska und der Autoren Otto Basil, Johannes R. Becher, Walther Rode und Franz Schandl.</p>
<p>Der Augenzeuge Rudolf Geist berichtet, persönlich mehr als betroffen, über die Geschehnisse des Justizpalastbrandes in Wien am 15. Juli 1927. Es gab 89 Tote und Hunderte Verletzte. Dieser Tag ist der Wendepunkt des Austromarxismus der österreichischen Sozialdemokratie. Er ist auch ein Schicksalstag und Wendepunkt in der Geschichte der Ersten Republik, in der der Austromarxismus eine entscheidende Rolle spielte. Am Ende dieser tragischen Entwicklung stand die Katastrophe vom 12. Februar 1934.</p>
<p>Sie begann um 7.00 Uhr früh mit den Schüssen der Linzer Polizei auf das &#8220;Hotel Schiff&#8221;, die Zentrale der oberösterreichischen Sozialdemokratischen Arbeiterpartei (SDAP). Daraus entwickelte sich ein vier Tage währender blutiger Kampf: Heimwehr, Polizei und Militär des Dollfuß-Regimes vereinigten ihr Gewaltpotenzial in der Bekämpfung der österreichischen Sozialdemokratie und ihres Schutzbundes. Am Ende stand der Tod von mindestens 300, möglicherweise sogar mehr als 1 000 Menschen. Das durch den inneren Kampf zerrissene Österreich wurde so zur leichten Beute Hitlers.</p>
<p>Am Beginn der Niederlage der österreichischen Sozialdemokraten stand der Justizpalastbrand in Wien. Originalartikel aus der „Arbeiter-Zeitung“ und der „Reichspost“ samt anderen Texten informieren über diesen so ungleichen Kampf der Arbeiterbewegung gegen die bürgerliche Willkürjustiz!</p>

<p>Der Reichtstagsbrand in Berlin ist ein allseits bekanntes geschichtliches Ereignis. Es bildete den Auftakt für eine breite Verhaftungswelle der politschen Gegner des neu installierten NS-Regimes&hellip;</p>
