{"id":3707,"date":"2021-08-11T14:52:27","date_gmt":"2021-08-11T12:52:27","guid":{"rendered":"https:\/\/diebuchmacherei.de\/?post_type=product&#038;p=3707"},"modified":"2025-08-31T22:13:48","modified_gmt":"2025-08-31T20:13:48","slug":"anger-hope-action","status":"publish","type":"product","link":"https:\/\/diebuchmacherei.de\/de_de\/produkt\/anger-hope-action\/","title":{"rendered":"Anger, Hope &#8211; Action? &#8211; Organizing und soziale K\u00e4mpfe im Zeitalter des Zorns"},"content":{"rendered":"<p>Slave Cubela legt mit diesem Buch eine pers\u00f6nliche und politische Bilanz seiner Arbeit vor allem als Organizer vor. Dabei versucht er gewerkschaftliches Organizing nicht abstrakt, sondern vor dem Hintergrund der sozialen Verh\u00e4ltnisse in Deutschland zu diskutieren und die deutschen Verh\u00e4ltnisse mit den global immer explosiver daherkommenden Entwicklungen zu verknu\u0308pfen.<br \/>\nUnd er f\u00fcgt hinzu: \u201eDa ich trotz meiner eigenen Praxis als Organizer keineswegs frei von Zweifeln ob der tats\u00e4chlichen Wirksamkeit von Organizing bin, soll das Fragezeichen im Buch-Titel unterstreichen, dass viele dieser Aufs\u00e4tze zugleich als Organizing-Kritik gelesen werden k\u00f6nnen.<\/p>\n<p>Der Autor (geb. 1972) studierte Politologie und Germanistik in Frankfurt am Main uns ist seit 2003 Redakteur bei \u201eexpress. Zeitschrift f\u00fcr sozialistische Betriebs- und Gewerkschaftsarbeit\u201c. Zwischen 2006 und 2009 war er Betriebsrat beim CeBeeF Frankfurt e.V. und Mitinitiator des bundesweiten Behindertenhelfer-Netzwerkes UAPA (Unabh\u00e4ngige Arbeitnehmervertretungen in der Pers\u00f6nlichen Assistenz). Seit 2009 ist er bei einer gro\u00dfen deutschen Gewerkschaft besch\u00e4ftigt.<\/p>\n","protected":false},"excerpt":{"rendered":"<p>Slave Cubela legt mit diesem Buch eine pers\u00f6nliche und politische Bilanz seiner Arbeit vor allem als Organizer vor. Dabei versucht er gewerkschaftliches Organizing nicht abstrakt,&hellip;<\/p>\n","protected":false},"featured_media":3708,"template":"","meta":{"_eb_attr":""},"product_brand":[],"product_cat":[8],"product_tag":[],"class_list":{"0":"post-3707","1":"product","2":"type-product","3":"status-publish","4":"has-post-thumbnail","6":"product_cat-kaempfe","8":"first","9":"instock","10":"taxable","11":"shipping-taxable","12":"purchasable","13":"product-type-simple","14":"customify-col"},"_links":{"self":[{"href":"https:\/\/diebuchmacherei.de\/de_de\/wp-json\/wp\/v2\/product\/3707","targetHints":{"allow":["GET"]}}],"collection":[{"href":"https:\/\/diebuchmacherei.de\/de_de\/wp-json\/wp\/v2\/product"}],"about":[{"href":"https:\/\/diebuchmacherei.de\/de_de\/wp-json\/wp\/v2\/types\/product"}],"wp:featuredmedia":[{"embeddable":true,"href":"https:\/\/diebuchmacherei.de\/de_de\/wp-json\/wp\/v2\/media\/3708"}],"wp:attachment":[{"href":"https:\/\/diebuchmacherei.de\/de_de\/wp-json\/wp\/v2\/media?parent=3707"}],"wp:term":[{"taxonomy":"product_brand","embeddable":true,"href":"https:\/\/diebuchmacherei.de\/de_de\/wp-json\/wp\/v2\/product_brand?post=3707"},{"taxonomy":"product_cat","embeddable":true,"href":"https:\/\/diebuchmacherei.de\/de_de\/wp-json\/wp\/v2\/product_cat?post=3707"},{"taxonomy":"product_tag","embeddable":true,"href":"https:\/\/diebuchmacherei.de\/de_de\/wp-json\/wp\/v2\/product_tag?post=3707"}],"curies":[{"name":"wp","href":"https:\/\/api.w.org\/{rel}","templated":true}]}}

Anger, Hope &#8211; Action? &#8211; Organizing und soziale Kämpfe im Zeitalter des Zorns

<p>Slave Cubela legt mit diesem Buch eine persönliche und politische Bilanz seiner Arbeit vor allem als Organizer vor. Dabei versucht er gewerkschaftliches Organizing nicht abstrakt, sondern vor dem Hintergrund der sozialen Verhältnisse in Deutschland zu diskutieren und die deutschen Verhältnisse mit den global immer explosiver daherkommenden Entwicklungen zu verknüpfen.<br />
Und er fügt hinzu: „Da ich trotz meiner eigenen Praxis als Organizer keineswegs frei von Zweifeln ob der tatsächlichen Wirksamkeit von Organizing bin, soll das Fragezeichen im Buch-Titel unterstreichen, dass viele dieser Aufsätze zugleich als Organizing-Kritik gelesen werden können.</p>
<p>Der Autor (geb. 1972) studierte Politologie und Germanistik in Frankfurt am Main uns ist seit 2003 Redakteur bei „express. Zeitschrift für sozialistische Betriebs- und Gewerkschaftsarbeit“. Zwischen 2006 und 2009 war er Betriebsrat beim CeBeeF Frankfurt e.V. und Mitinitiator des bundesweiten Behindertenhelfer-Netzwerkes UAPA (Unabhängige Arbeitnehmervertretungen in der Persönlichen Assistenz). Seit 2009 ist er bei einer großen deutschen Gewerkschaft beschäftigt.</p>

<p>Slave Cubela legt mit diesem Buch eine persönliche und politische Bilanz seiner Arbeit vor allem als Organizer vor. Dabei versucht er gewerkschaftliches Organizing nicht abstrakt,&hellip;</p>
