{"id":4315,"date":"2022-08-25T22:10:26","date_gmt":"2022-08-25T20:10:26","guid":{"rendered":"https:\/\/diebuchmacherei.de\/?post_type=product&#038;p=4315"},"modified":"2026-02-15T15:31:28","modified_gmt":"2026-02-15T14:31:28","slug":"etappen-konflikte-und-anerkennungskaempfe-der-migration","status":"publish","type":"product","link":"https:\/\/diebuchmacherei.de\/de_de\/produkt\/etappen-konflikte-und-anerkennungskaempfe-der-migration\/","title":{"rendered":"Etappen, Konflikte und Anerkennungsk\u00e4mpfe der Migration"},"content":{"rendered":"<p>Das hier vorgestellte Buch ist Bestandteil eines multimedialen Projekts. Die Hardcover-Publikation ist das Begleitbuch einer Ausstellung, die unter dem Buchtitel am 26. August 2022 in D\u00fcsseldorf er\u00f6ffnet wurde und bis zum 9. September 2022 zu sehen ist. Der Ausstellungskatalog enth\u00e4lt die Bilder, Grafiken und die Begleittexte zur Ausstellung. Im ersten Teil abgedruckt sind Geleitworte der Zweiten Vorsitzenden der IG Metall Christiane Benner und des D\u00fcsseldorfer Sozialwissenschaftlers Alexander H\u00e4usler, der an der Hochschule D\u00fcsseldorf zu Rechtsextremismus\/Neonazismus forscht.<\/p>\n<p>Herausgeber des Buches ist Nihat \u00d6zt\u00fcrk, der im Hauptbeitrag des Buches das Kernanliegen der Ausstellung formuliert. In kompakter Form arbeitet er heraus, wie Menschen mit ausl\u00e4ndischen Wurzeln in den historisch aufeinanderfolgenden Phasen der (Arbeits-)Migration behandelt und welche Bilder \u00fcber sie vermittelt wurden. Es wird deutlich, wie lange es dauerte, bis der ideologische Nachhall des deutschen Faschismus gebrochen werden konnte und welchen Anteil die Migrant*innen selbst hatten, dass dies m\u00f6glich wurde. Deshalb schreibt Christiane Benner zu Recht, dass Einwanderungsgeschichte eine Erfolgsgeschichte sei, die fortgeschrieben werden m\u00fcsse. Denn sie beinhaltet nicht nur die dunklen Seiten von Ausbeutung und Entw\u00fcrdigung besonders verletzlicher Menschen, sondern zeigt, dass Migrant*innen einen gro\u00dfen Anteil daran haben, das gesellschaftliche Leben hier im Lande zu bereichern und auch das Selbstwertgef\u00fchl und die Solidarit\u00e4tsf\u00e4higkeit der abh\u00e4ngig Besch\u00e4ftigten im Lande zu st\u00e4rken. Besonders profitiert haben davon die deutschen Gewerkschaften, vor allem die IG Metall, in der Nihat \u00d6zt\u00fcrk seit Jahrzehnten engagiert ist.<\/p>\n<p>Unter den damals noch besonders belastenden Arbeitsbedingungen betrat er die deutsche Arbeitswelt als Gie\u00dfereiarbeiter und fand dann \u00fcber mehrere Stationen Zugang zu IG Metall-Kollegen, die ihm ein anderes Bild von seinen Rechten, von menschlicher W\u00fcrde und der M\u00f6glichkeit zu solidarischem Handeln vermitteln konnten. Er wurde aktiver Gewerkschafter, den seine Kolleg*innen schlie\u00dflich zum Bevollm\u00e4chtigten der IG Metall in D\u00fcsseldorf w\u00e4hlten.<\/p>\n<p>Sein Buchbeitrag stellt auf einnehmende Weise unter Beweis, dass er dabei nicht verlernt hat, die Dinge beim Namen zu nennen, oder, um Rosa Luxemburg zu zitieren, \u201ezu sagen was ist\u201c.<\/p>\n<p>Die jetzige Ausstellung ist ein Versuch, die vor 20 Jahren gezeigte Ausstellung \u201eMigration hat viele Gesichter\u201c kritisch fortzuschreiben. Im Mittelpunkt stehen Konflikte sowie K\u00e4mpfe um Anerkennung und Teilhabe. Gerade diese K\u00e4mpfe, die heute aufgrund der mehrfachen Prekarisierung und Ausbeutung notweniger denn je sind, betrachtet Nihat \u00d6zt\u00fcrk als Motoren des sozialen Fortschritts. Konzipiert ist sie als Wanderausstellung, die ohne gro\u00dfen Aufwand transportiert und auf-und abgebaut werden kann. Es gibt bereits weitere Orte, an dem sie gezeigt werden soll. Eine Bewerbung f\u00fcr bisher noch nicht vorgesehene Stationen ist ausdr\u00fccklich erw\u00fcnscht. Denn die solidarische Weiterentwicklung der postmigrantischen Gesellschaft bleibt eine der zentralen Herausforderungen, die dar\u00fcber entscheidet, ob die Demokratie gegen faschistische Bedrohungen verteidigt werden kann oder nicht.<\/p>\n<p>Mehr Infos zu Nihat \u00d6zt\u00fcrk finden Interessierte in einem Beitrag, der 2021 in dem Sammelband \u201eWie Deutschland zur Heimat wurde. 60 Jahre Deutsch-T\u00fcrkisches Anwerbeabkommen\u201c beim Correctiv Verlag Essen ver\u00f6ffentlicht wurde:<\/p>\n<blockquote class=\"wp-embedded-content\" data-secret=\"qf1iaxuG7e\"><p><a href=\"https:\/\/60-jahre-anwerbeabkommen.de\/ohne-angst-verschieden-sein-das-wurde-mein-kategorischer-imperativ\/\">\u201eOhne Angst verschieden sein \u2013 das wurde mein kategorischer Imperativ\u201c<\/a><\/p><\/blockquote>\n<p><iframe class=\"wp-embedded-content\" sandbox=\"allow-scripts\" security=\"restricted\" style=\"position: absolute; visibility: hidden;\" title=\"&#8222;\u201eOhne Angst verschieden sein \u2013 das wurde mein kategorischer Imperativ\u201c&#8220; &#8211; Wie Deutschland zur Heimat wurde\" src=\"https:\/\/60-jahre-anwerbeabkommen.de\/ohne-angst-verschieden-sein-das-wurde-mein-kategorischer-imperativ\/embed\/#?secret=F6NpXWUMaj#?secret=qf1iaxuG7e\" data-secret=\"qf1iaxuG7e\" width=\"600\" height=\"338\" frameborder=\"0\" marginwidth=\"0\" marginheight=\"0\" scrolling=\"no\"><\/iframe><\/p>\n<p><strong>Biografische Daten des Herausgebers:<\/strong><br \/>\nGeb. 1955 in Antakya (T\u00fcrkei), 1973 Einreise in die BRD im Rahmen des Anwerbeabkommes, 1973-78: Gie\u00dfereiarbeiter und Elektroschwei\u00dfer, 1978-83: Soziologie-Studium an der HWP, 1983-86: Wiss. MA in Hamburg, 1986-89: Wiss. MA beim DGB BW in Dortmund, 1989-96: Pol. Sekret\u00e4r der IG Metall VS D\u00fcsseldorf, 1996-2005: Gesch\u00e4ftsf\u00fchrer der IG Metall D\u00fcsseldorf, 2005-17: Gesch\u00e4ftsf\u00fchrung f\u00fcr die GS in D\u00fcsseldorf und Neuss, 2017-2019: IG Metall-Vorstand Resort Migration und Teilhabe, war<br \/>\nMitglied im Beirat der IG Metall und im Kuratorium der Hans-B\u00f6ckler-Stiftung, Mitglied der Mahn- und Gedenkst\u00e4tte D\u00fcsseldorf, Gr\u00fcndungsmitglied von Mosaik e.V. D\u00fcsseldorf, Mitbegr\u00fcnder des D\u00fcssseldorfer Appells gegen Rassismus und Fremdenfeindlichkeit.<\/p>\n","protected":false},"excerpt":{"rendered":"<p>Das hier vorgestellte Buch ist Bestandteil eines multimedialen Projekts. Die Hardcover-Publikation ist das Begleitbuch einer Ausstellung, die unter dem Buchtitel am 26. August 2022 in&hellip;<\/p>\n","protected":false},"featured_media":4316,"template":"","meta":{"_eb_attr":""},"product_brand":[],"product_cat":[8],"product_tag":[],"class_list":{"0":"post-4315","1":"product","2":"type-product","3":"status-publish","4":"has-post-thumbnail","6":"product_cat-kaempfe","8":"first","9":"instock","10":"taxable","11":"shipping-taxable","12":"purchasable","13":"product-type-simple","14":"customify-col"},"_links":{"self":[{"href":"https:\/\/diebuchmacherei.de\/de_de\/wp-json\/wp\/v2\/product\/4315","targetHints":{"allow":["GET"]}}],"collection":[{"href":"https:\/\/diebuchmacherei.de\/de_de\/wp-json\/wp\/v2\/product"}],"about":[{"href":"https:\/\/diebuchmacherei.de\/de_de\/wp-json\/wp\/v2\/types\/product"}],"wp:featuredmedia":[{"embeddable":true,"href":"https:\/\/diebuchmacherei.de\/de_de\/wp-json\/wp\/v2\/media\/4316"}],"wp:attachment":[{"href":"https:\/\/diebuchmacherei.de\/de_de\/wp-json\/wp\/v2\/media?parent=4315"}],"wp:term":[{"taxonomy":"product_brand","embeddable":true,"href":"https:\/\/diebuchmacherei.de\/de_de\/wp-json\/wp\/v2\/product_brand?post=4315"},{"taxonomy":"product_cat","embeddable":true,"href":"https:\/\/diebuchmacherei.de\/de_de\/wp-json\/wp\/v2\/product_cat?post=4315"},{"taxonomy":"product_tag","embeddable":true,"href":"https:\/\/diebuchmacherei.de\/de_de\/wp-json\/wp\/v2\/product_tag?post=4315"}],"curies":[{"name":"wp","href":"https:\/\/api.w.org\/{rel}","templated":true}]}}

Etappen, Konflikte und Anerkennungskämpfe der Migration

<p>Das hier vorgestellte Buch ist Bestandteil eines multimedialen Projekts. Die Hardcover-Publikation ist das Begleitbuch einer Ausstellung, die unter dem Buchtitel am 26. August 2022 in Düsseldorf eröffnet wurde und bis zum 9. September 2022 zu sehen ist. Der Ausstellungskatalog enthält die Bilder, Grafiken und die Begleittexte zur Ausstellung. Im ersten Teil abgedruckt sind Geleitworte der Zweiten Vorsitzenden der IG Metall Christiane Benner und des Düsseldorfer Sozialwissenschaftlers Alexander Häusler, der an der Hochschule Düsseldorf zu Rechtsextremismus/Neonazismus forscht.</p>
<p>Herausgeber des Buches ist Nihat Öztürk, der im Hauptbeitrag des Buches das Kernanliegen der Ausstellung formuliert. In kompakter Form arbeitet er heraus, wie Menschen mit ausländischen Wurzeln in den historisch aufeinanderfolgenden Phasen der (Arbeits-)Migration behandelt und welche Bilder über sie vermittelt wurden. Es wird deutlich, wie lange es dauerte, bis der ideologische Nachhall des deutschen Faschismus gebrochen werden konnte und welchen Anteil die Migrant*innen selbst hatten, dass dies möglich wurde. Deshalb schreibt Christiane Benner zu Recht, dass Einwanderungsgeschichte eine Erfolgsgeschichte sei, die fortgeschrieben werden müsse. Denn sie beinhaltet nicht nur die dunklen Seiten von Ausbeutung und Entwürdigung besonders verletzlicher Menschen, sondern zeigt, dass Migrant*innen einen großen Anteil daran haben, das gesellschaftliche Leben hier im Lande zu bereichern und auch das Selbstwertgefühl und die Solidaritätsfähigkeit der abhängig Beschäftigten im Lande zu stärken. Besonders profitiert haben davon die deutschen Gewerkschaften, vor allem die IG Metall, in der Nihat Öztürk seit Jahrzehnten engagiert ist.</p>
<p>Unter den damals noch besonders belastenden Arbeitsbedingungen betrat er die deutsche Arbeitswelt als Gießereiarbeiter und fand dann über mehrere Stationen Zugang zu IG Metall-Kollegen, die ihm ein anderes Bild von seinen Rechten, von menschlicher Würde und der Möglichkeit zu solidarischem Handeln vermitteln konnten. Er wurde aktiver Gewerkschafter, den seine Kolleg*innen schließlich zum Bevollmächtigten der IG Metall in Düsseldorf wählten.</p>
<p>Sein Buchbeitrag stellt auf einnehmende Weise unter Beweis, dass er dabei nicht verlernt hat, die Dinge beim Namen zu nennen, oder, um Rosa Luxemburg zu zitieren, „zu sagen was ist“.</p>
<p>Die jetzige Ausstellung ist ein Versuch, die vor 20 Jahren gezeigte Ausstellung „Migration hat viele Gesichter“ kritisch fortzuschreiben. Im Mittelpunkt stehen Konflikte sowie Kämpfe um Anerkennung und Teilhabe. Gerade diese Kämpfe, die heute aufgrund der mehrfachen Prekarisierung und Ausbeutung notweniger denn je sind, betrachtet Nihat Öztürk als Motoren des sozialen Fortschritts. Konzipiert ist sie als Wanderausstellung, die ohne großen Aufwand transportiert und auf-und abgebaut werden kann. Es gibt bereits weitere Orte, an dem sie gezeigt werden soll. Eine Bewerbung für bisher noch nicht vorgesehene Stationen ist ausdrücklich erwünscht. Denn die solidarische Weiterentwicklung der postmigrantischen Gesellschaft bleibt eine der zentralen Herausforderungen, die darüber entscheidet, ob die Demokratie gegen faschistische Bedrohungen verteidigt werden kann oder nicht.</p>
<p>Mehr Infos zu Nihat Öztürk finden Interessierte in einem Beitrag, der 2021 in dem Sammelband „Wie Deutschland zur Heimat wurde. 60 Jahre Deutsch-Türkisches Anwerbeabkommen“ beim Correctiv Verlag Essen veröffentlicht wurde:</p>
<blockquote class="wp-embedded-content" data-secret="qf1iaxuG7e"><p><a href="https://60-jahre-anwerbeabkommen.de/ohne-angst-verschieden-sein-das-wurde-mein-kategorischer-imperativ/">„Ohne Angst verschieden sein – das wurde mein kategorischer Imperativ“</a></p></blockquote>
<p><iframe class="wp-embedded-content" sandbox="allow-scripts" security="restricted" style="position: absolute; visibility: hidden;" title="&#8222;„Ohne Angst verschieden sein – das wurde mein kategorischer Imperativ“&#8220; &#8211; Wie Deutschland zur Heimat wurde" src="https://60-jahre-anwerbeabkommen.de/ohne-angst-verschieden-sein-das-wurde-mein-kategorischer-imperativ/embed/#?secret=F6NpXWUMaj#?secret=qf1iaxuG7e" data-secret="qf1iaxuG7e" width="600" height="338" frameborder="0" marginwidth="0" marginheight="0" scrolling="no"></iframe></p>
<p><strong>Biografische Daten des Herausgebers:</strong><br />
Geb. 1955 in Antakya (Türkei), 1973 Einreise in die BRD im Rahmen des Anwerbeabkommes, 1973-78: Gießereiarbeiter und Elektroschweißer, 1978-83: Soziologie-Studium an der HWP, 1983-86: Wiss. MA in Hamburg, 1986-89: Wiss. MA beim DGB BW in Dortmund, 1989-96: Pol. Sekretär der IG Metall VS Düsseldorf, 1996-2005: Geschäftsführer der IG Metall Düsseldorf, 2005-17: Geschäftsführung für die GS in Düsseldorf und Neuss, 2017-2019: IG Metall-Vorstand Resort Migration und Teilhabe, war<br />
Mitglied im Beirat der IG Metall und im Kuratorium der Hans-Böckler-Stiftung, Mitglied der Mahn- und Gedenkstätte Düsseldorf, Gründungsmitglied von Mosaik e.V. Düsseldorf, Mitbegründer des Düssseldorfer Appells gegen Rassismus und Fremdenfeindlichkeit.</p>
