{"id":7163,"date":"2025-05-14T15:51:19","date_gmt":"2025-05-14T13:51:19","guid":{"rendered":"https:\/\/diebuchmacherei.de\/?post_type=product&#038;p=7163"},"modified":"2025-10-27T20:36:21","modified_gmt":"2025-10-27T19:36:21","slug":"verfaelschte-erinnerung-das-leibgardisten-denkmal-in-darmstadt","status":"publish","type":"product","link":"https:\/\/diebuchmacherei.de\/de_de\/produkt\/verfaelschte-erinnerung-das-leibgardisten-denkmal-in-darmstadt\/","title":{"rendered":"Verf\u00e4lschte Erinnerung. Das Leibgardisten-Denkmal in Darmstadt"},"content":{"rendered":"<p>Das Thema Krieg und Kriegsverbrechen ist heute von gro\u00dfer Aktualit\u00e4t. Bereits mehr als drei Jahre dauert der Krieg in der Ukraine und f\u00fcr Aufr\u00fcstung und Kriegst\u00fcchtigkeit werden enorme Summen bereitgestellt.<br \/>\nBereits 2014 organisierte das \u201eB\u00fcndnis gegen Rechts\u201c in Darmstadt zusammen mit \u201eBunt ohne Braun\u201c im Landkreis Darmstadt-Dieburg Proteste gegen die Aufm\u00e4rsche der Leibgardisten am Volkstrauertag. Es wurde \u00fcber die Verbrechen der beteiligten Darmst\u00e4dter Regimenter aufgekl\u00e4rt und die Anbringung einer Gedenktafel am Denkmal gefordert.<\/p>\n<p>Das Buch versammelt die Forschung zu den Leibgardisten und ihrer Beteiligung an den Verbrechen der Wehrmacht im Zweiten Weltkrieg, die auf die ersten Proteste folgten. F\u00fcr die Recherchen konnte u. a. Hannes Heer gewonnen werden. Er wurde bekannt durch die vielbeachtete Ausstellung &#8220;Verbrechen der Wehrmacht&#8221; 1995 und ist ein international anerkannter Experte auf diesem Gebiet.<\/p>\n","protected":false},"excerpt":{"rendered":"<p>Das Thema Krieg und Kriegsverbrechen ist heute von gro\u00dfer Aktualit\u00e4t. Bereits mehr als drei Jahre dauert der Krieg in der Ukraine und f\u00fcr Aufr\u00fcstung und&hellip;<\/p>\n","protected":false},"featured_media":8484,"template":"","meta":{"_eb_attr":""},"product_brand":[],"product_cat":[84],"product_tag":[203,206],"class_list":{"0":"post-7163","1":"product","2":"type-product","3":"status-publish","4":"has-post-thumbnail","6":"product_cat-lebendiger-antifaschismus","7":"product_tag-168-seiten","8":"product_tag-format-25-x-21-cm-isbn-978-3-9826199-7-2-covergetaltung-thomas-waimer","10":"first","11":"instock","12":"taxable","13":"shipping-taxable","14":"purchasable","15":"product-type-simple","16":"customify-col"},"_links":{"self":[{"href":"https:\/\/diebuchmacherei.de\/de_de\/wp-json\/wp\/v2\/product\/7163","targetHints":{"allow":["GET"]}}],"collection":[{"href":"https:\/\/diebuchmacherei.de\/de_de\/wp-json\/wp\/v2\/product"}],"about":[{"href":"https:\/\/diebuchmacherei.de\/de_de\/wp-json\/wp\/v2\/types\/product"}],"wp:featuredmedia":[{"embeddable":true,"href":"https:\/\/diebuchmacherei.de\/de_de\/wp-json\/wp\/v2\/media\/8484"}],"wp:attachment":[{"href":"https:\/\/diebuchmacherei.de\/de_de\/wp-json\/wp\/v2\/media?parent=7163"}],"wp:term":[{"taxonomy":"product_brand","embeddable":true,"href":"https:\/\/diebuchmacherei.de\/de_de\/wp-json\/wp\/v2\/product_brand?post=7163"},{"taxonomy":"product_cat","embeddable":true,"href":"https:\/\/diebuchmacherei.de\/de_de\/wp-json\/wp\/v2\/product_cat?post=7163"},{"taxonomy":"product_tag","embeddable":true,"href":"https:\/\/diebuchmacherei.de\/de_de\/wp-json\/wp\/v2\/product_tag?post=7163"}],"curies":[{"name":"wp","href":"https:\/\/api.w.org\/{rel}","templated":true}]}}

Verfälschte Erinnerung. Das Leibgardisten-Denkmal in Darmstadt

<p>Das Thema Krieg und Kriegsverbrechen ist heute von großer Aktualität. Bereits mehr als drei Jahre dauert der Krieg in der Ukraine und für Aufrüstung und Kriegstüchtigkeit werden enorme Summen bereitgestellt.<br />
Bereits 2014 organisierte das „Bündnis gegen Rechts“ in Darmstadt zusammen mit „Bunt ohne Braun“ im Landkreis Darmstadt-Dieburg Proteste gegen die Aufmärsche der Leibgardisten am Volkstrauertag. Es wurde über die Verbrechen der beteiligten Darmstädter Regimenter aufgeklärt und die Anbringung einer Gedenktafel am Denkmal gefordert.</p>
<p>Das Buch versammelt die Forschung zu den Leibgardisten und ihrer Beteiligung an den Verbrechen der Wehrmacht im Zweiten Weltkrieg, die auf die ersten Proteste folgten. Für die Recherchen konnte u. a. Hannes Heer gewonnen werden. Er wurde bekannt durch die vielbeachtete Ausstellung &#8220;Verbrechen der Wehrmacht&#8221; 1995 und ist ein international anerkannter Experte auf diesem Gebiet.</p>

<p>Das Thema Krieg und Kriegsverbrechen ist heute von großer Aktualität. Bereits mehr als drei Jahre dauert der Krieg in der Ukraine und für Aufrüstung und&hellip;</p>
